{"id":60,"date":"2018-06-01T21:10:38","date_gmt":"2018-06-01T21:10:38","guid":{"rendered":"http:\/\/kurz-kaufmann.de\/?page_id=60"},"modified":"2023-02-21T13:48:44","modified_gmt":"2023-02-21T13:48:44","slug":"lichttechnik","status":"publish","type":"page","link":"http:\/\/kurz-kaufmann.de\/?page_id=60","title":{"rendered":"Lichttechnik"},"content":{"rendered":"\n<p>Licht erleichter die Sehaufgabe, aber es bringt auch Gem\u00fctlichkeit. <\/p>\n\n\n\n<p>Ein Beleuchtungskonzept gilt es heutzutage nicht nur f\u00fcr die Bereiche B\u00fcro und Gewerbefl\u00e4chen zu erstellen. Nein auch im Privathaushalt. Fr\u00fchzeitig sollte man sich mit dem Thema auseinandersetzen. So kann man noch zeitig reagieren und Vorkehrungen treffen. Im Nachgang ist nich vieles m\u00f6glich aber halt auch etas aufweniger und man kann gegebenenfalls nicht alles umsetzen.<\/p>\n\n\n\n<p>Beleuchtung ist f\u00fcr uns und unser Empfinden enorm wichtig.<\/p>\n\n\n<div class=\"wp-block-image\">\n<figure class=\"aligncenter size-medium\"><img loading=\"lazy\" decoding=\"async\" width=\"300\" height=\"200\" src=\"http:\/\/kurz-kaufmann.de\/wp-content\/uploads\/2023\/02\/2023_Licht-Bruecke-300x200.jpg\" alt=\"\" class=\"wp-image-183\" srcset=\"http:\/\/kurz-kaufmann.de\/wp-content\/uploads\/2023\/02\/2023_Licht-Bruecke-300x200.jpg 300w, http:\/\/kurz-kaufmann.de\/wp-content\/uploads\/2023\/02\/2023_Licht-Bruecke-1024x683.jpg 1024w, http:\/\/kurz-kaufmann.de\/wp-content\/uploads\/2023\/02\/2023_Licht-Bruecke-768x512.jpg 768w, http:\/\/kurz-kaufmann.de\/wp-content\/uploads\/2023\/02\/2023_Licht-Bruecke.jpg 1440w\" sizes=\"auto, (max-width: 300px) 100vw, 300px\" \/><figcaption class=\"wp-element-caption\">Br\u00fccken-Wegeausleuchtung \u00fcber die Wupper<\/figcaption><\/figure>\n<\/div>\n\n<div class=\"wp-block-image\">\n<figure class=\"aligncenter size-medium is-resized\"><img loading=\"lazy\" decoding=\"async\" src=\"http:\/\/kurz-kaufmann.de\/wp-content\/uploads\/2023\/02\/2023_Licht-Treppe-146x300.jpg\" alt=\"\" class=\"wp-image-185\" width=\"300\" height=\"616\" srcset=\"http:\/\/kurz-kaufmann.de\/wp-content\/uploads\/2023\/02\/2023_Licht-Treppe-146x300.jpg 146w, http:\/\/kurz-kaufmann.de\/wp-content\/uploads\/2023\/02\/2023_Licht-Treppe-498x1024.jpg 498w, http:\/\/kurz-kaufmann.de\/wp-content\/uploads\/2023\/02\/2023_Licht-Treppe.jpg 640w\" sizes=\"auto, (max-width: 300px) 100vw, 300px\" \/><figcaption class=\"wp-element-caption\">Treppenstufen-Beleuchtung<\/figcaption><\/figure>\n<\/div>\n\n<div class=\"wp-block-image\">\n<figure class=\"aligncenter size-medium\"><img loading=\"lazy\" decoding=\"async\" width=\"300\" height=\"169\" src=\"http:\/\/kurz-kaufmann.de\/wp-content\/uploads\/2023\/02\/2023_Licht-Feuer-300x169.jpg\" alt=\"\" class=\"wp-image-184\" srcset=\"http:\/\/kurz-kaufmann.de\/wp-content\/uploads\/2023\/02\/2023_Licht-Feuer-300x169.jpg 300w, http:\/\/kurz-kaufmann.de\/wp-content\/uploads\/2023\/02\/2023_Licht-Feuer-768x432.jpg 768w, http:\/\/kurz-kaufmann.de\/wp-content\/uploads\/2023\/02\/2023_Licht-Feuer.jpg 960w\" sizes=\"auto, (max-width: 300px) 100vw, 300px\" \/><figcaption class=\"wp-element-caption\">Theken-Tresen Beleuchtung<\/figcaption><\/figure>\n<\/div>\n\n<div class=\"wp-block-image\">\n<figure class=\"aligncenter size-medium\"><img loading=\"lazy\" decoding=\"async\" width=\"300\" height=\"169\" src=\"http:\/\/kurz-kaufmann.de\/wp-content\/uploads\/2023\/02\/2023_Licht-Garten-300x169.jpg\" alt=\"\" class=\"wp-image-187\" srcset=\"http:\/\/kurz-kaufmann.de\/wp-content\/uploads\/2023\/02\/2023_Licht-Garten-300x169.jpg 300w, http:\/\/kurz-kaufmann.de\/wp-content\/uploads\/2023\/02\/2023_Licht-Garten-768x432.jpg 768w, http:\/\/kurz-kaufmann.de\/wp-content\/uploads\/2023\/02\/2023_Licht-Garten.jpg 960w\" sizes=\"auto, (max-width: 300px) 100vw, 300px\" \/><figcaption class=\"wp-element-caption\">Vorkehrungen, Beleuchtung einer Einfahrt<\/figcaption><\/figure>\n<\/div>","protected":false},"excerpt":{"rendered":"<p>Licht erleichter die Sehaufgabe, aber es bringt auch Gem\u00fctlichkeit. Ein Beleuchtungskonzept gilt es heutzutage nicht nur f\u00fcr die Bereiche B\u00fcro und Gewerbefl\u00e4chen zu erstellen. Nein auch im Privathaushalt. Fr\u00fchzeitig sollte man sich mit dem Thema auseinandersetzen. So kann man noch<\/p>\n","protected":false},"author":1,"featured_media":0,"parent":0,"menu_order":0,"comment_status":"closed","ping_status":"closed","template":"","meta":{"footnotes":""},"class_list":["post-60","page","type-page","status-publish","hentry"],"_links":{"self":[{"href":"http:\/\/kurz-kaufmann.de\/index.php?rest_route=\/wp\/v2\/pages\/60","targetHints":{"allow":["GET"]}}],"collection":[{"href":"http:\/\/kurz-kaufmann.de\/index.php?rest_route=\/wp\/v2\/pages"}],"about":[{"href":"http:\/\/kurz-kaufmann.de\/index.php?rest_route=\/wp\/v2\/types\/page"}],"author":[{"embeddable":true,"href":"http:\/\/kurz-kaufmann.de\/index.php?rest_route=\/wp\/v2\/users\/1"}],"replies":[{"embeddable":true,"href":"http:\/\/kurz-kaufmann.de\/index.php?rest_route=%2Fwp%2Fv2%2Fcomments&post=60"}],"version-history":[{"count":3,"href":"http:\/\/kurz-kaufmann.de\/index.php?rest_route=\/wp\/v2\/pages\/60\/revisions"}],"predecessor-version":[{"id":188,"href":"http:\/\/kurz-kaufmann.de\/index.php?rest_route=\/wp\/v2\/pages\/60\/revisions\/188"}],"wp:attachment":[{"href":"http:\/\/kurz-kaufmann.de\/index.php?rest_route=%2Fwp%2Fv2%2Fmedia&parent=60"}],"curies":[{"name":"wp","href":"https:\/\/api.w.org\/{rel}","templated":true}]}}

<p>Licht erleichter die Sehaufgabe, aber es bringt auch Gemütlichkeit. </p>



<p>Ein Beleuchtungskonzept gilt es heutzutage nicht nur für die Bereiche Büro und Gewerbeflächen zu erstellen. Nein auch im Privathaushalt. Frühzeitig sollte man sich mit dem Thema auseinandersetzen. So kann man noch zeitig reagieren und Vorkehrungen treffen. Im Nachgang ist nich vieles möglich aber halt auch etas aufweniger und man kann gegebenenfalls nicht alles umsetzen.</p>



<p>Beleuchtung ist für uns und unser Empfinden enorm wichtig.</p>


<div class="wp-block-image">
<figure class="aligncenter size-medium"><img loading="lazy" decoding="async" width="300" height="200" src="http://kurz-kaufmann.de/wp-content/uploads/2023/02/2023_Licht-Bruecke-300x200.jpg" alt="" class="wp-image-183" srcset="http://kurz-kaufmann.de/wp-content/uploads/2023/02/2023_Licht-Bruecke-300x200.jpg 300w, http://kurz-kaufmann.de/wp-content/uploads/2023/02/2023_Licht-Bruecke-1024x683.jpg 1024w, http://kurz-kaufmann.de/wp-content/uploads/2023/02/2023_Licht-Bruecke-768x512.jpg 768w, http://kurz-kaufmann.de/wp-content/uploads/2023/02/2023_Licht-Bruecke.jpg 1440w" sizes="auto, (max-width: 300px) 100vw, 300px" /><figcaption class="wp-element-caption">Brücken-Wegeausleuchtung über die Wupper</figcaption></figure>
</div>

<div class="wp-block-image">
<figure class="aligncenter size-medium is-resized"><img loading="lazy" decoding="async" src="http://kurz-kaufmann.de/wp-content/uploads/2023/02/2023_Licht-Treppe-146x300.jpg" alt="" class="wp-image-185" width="300" height="616" srcset="http://kurz-kaufmann.de/wp-content/uploads/2023/02/2023_Licht-Treppe-146x300.jpg 146w, http://kurz-kaufmann.de/wp-content/uploads/2023/02/2023_Licht-Treppe-498x1024.jpg 498w, http://kurz-kaufmann.de/wp-content/uploads/2023/02/2023_Licht-Treppe.jpg 640w" sizes="auto, (max-width: 300px) 100vw, 300px" /><figcaption class="wp-element-caption">Treppenstufen-Beleuchtung</figcaption></figure>
</div>

<div class="wp-block-image">
<figure class="aligncenter size-medium"><img loading="lazy" decoding="async" width="300" height="169" src="http://kurz-kaufmann.de/wp-content/uploads/2023/02/2023_Licht-Feuer-300x169.jpg" alt="" class="wp-image-184" srcset="http://kurz-kaufmann.de/wp-content/uploads/2023/02/2023_Licht-Feuer-300x169.jpg 300w, http://kurz-kaufmann.de/wp-content/uploads/2023/02/2023_Licht-Feuer-768x432.jpg 768w, http://kurz-kaufmann.de/wp-content/uploads/2023/02/2023_Licht-Feuer.jpg 960w" sizes="auto, (max-width: 300px) 100vw, 300px" /><figcaption class="wp-element-caption">Theken-Tresen Beleuchtung</figcaption></figure>
</div>

<div class="wp-block-image">
<figure class="aligncenter size-medium"><img loading="lazy" decoding="async" width="300" height="169" src="http://kurz-kaufmann.de/wp-content/uploads/2023/02/2023_Licht-Garten-300x169.jpg" alt="" class="wp-image-187" srcset="http://kurz-kaufmann.de/wp-content/uploads/2023/02/2023_Licht-Garten-300x169.jpg 300w, http://kurz-kaufmann.de/wp-content/uploads/2023/02/2023_Licht-Garten-768x432.jpg 768w, http://kurz-kaufmann.de/wp-content/uploads/2023/02/2023_Licht-Garten.jpg 960w" sizes="auto, (max-width: 300px) 100vw, 300px" /><figcaption class="wp-element-caption">Vorkehrungen, Beleuchtung einer Einfahrt</figcaption></figure>
</div>

<p>Licht erleichter die Sehaufgabe, aber es bringt auch Gemütlichkeit. Ein Beleuchtungskonzept gilt es heutzutage nicht nur für die Bereiche Büro und Gewerbeflächen zu erstellen. Nein auch im Privathaushalt. Frühzeitig sollte man sich mit dem Thema auseinandersetzen. So kann man noch</p>
